 is 10 - 1002000?
-1001220
In base 11, what is -2 + 1835?
1833
In base 12, what is 7 - 1?
6
In base 8, what is -1 - -14?
13
In base 10, what is 4 - 160?
-156
In base 13, what is -b + 47?
39
In base 12, what is 5 - -36a0?
36a5
In base 14, what is 633c + -4?
6338
In base 9, what is 3 + -24?
-21
In base 6, what is 113122 + 2?
113124
In base 5, what is 301331 - -1?
301332
In base 4, what is -31333 - 11?
-32010
In base 7, what is 22 + 114?
136
In base 7, what is -332 - -5?
-324
In base 13, what is 33 - 42?
-c
In base 6, what is -12 - -31?
15
In base 10, what is -1 + 456?
455
In base 3, what is 2100111 + -12?
2100022
In base 16, what is 1fb + -2e?
1cd
In base 15, what is -4 + 25?
21
In base 5, what is 142 - -34?
231
In base 7, what is -126 - -1?
-125
In base 14, what is -9 + -c?
-17
In base 3, what is -2 - -12201021?
12201012
In base 7, what is 263 + 14?
310
In base 12, what is 27 - 6?
21
In base 7, what is 225 - -2?
230
In base 8, what is 756 + 7?
765
In base 14, what is 4c - -3?
51
In base 14, what is b - -261?
26c
In base 3, what is 22 + 12?
111
In base 3, what is -22 - -10220?
10121
In base 4, what is 232 - 0?
232
In base 6, what is -2322 - 4?
-2330
In base 7, what is -1 + 241?
240
In base 15, what is 71 - 1?
70
In base 4, what is 10 + -30?
-20
In base 5, what is 44 + 13?
112
In base 6, what is 101 + -2?
55
In base 16, what is -1 + 51?
50
In base 6, what is -3 + -55?
-102
In base 16, what is 10 + -16?
-6
In base 13, what is 62 - 5?
5a
In base 11, what is -28 - 104?
-131
In base 7, what is 6502 + 4?
6506
In base 2, what is 10011001010 + 100?
10011001110
In base 9, what is -787 + 2?
-785
In base 12, what is 161 - 2?
15b
In base 2, what is -100000 - 110000101?
-110100101
In base 15, what is 4bd + 4?
4c2
In base 16, what is 5 - a5?
-a0
In base 4, what is 13303 + 11?
13320
In base 13, what is 32 - 3?
2c
In base 11, what is -4929 + 2?
-4927
In base 15, what is d5 - 6?
ce
In base 12, what is -1752 - -5?
-1749
In base 8, what is 1122 - 3?
1117
In base 10, what is 1196 - -1?
1197
In base 4, what is -13 - 0?
-13
In base 8, what is 615 - -2?
617
In base 6, what is -42144 - 1?
-42145
In base 5, what is 14114 - 0?
14114
In base 13, what is -39 - -a?
-2c
In base 4, what is -123 + -132?
-321
In base 8, what is 631 + 0?
631
In base 12, what is -75 - 4?
-79
In base 9, what is 402 + 1?
403
In base 8, what is 13 - 1740?
-1725
In base 13, what is -3ba - 19?
-406
In base 2, what is -1101 + 10001111?
10000010
In base 10, what is 3 + -116?
-113
In base 16, what is -a - -10?
6
In base 7, what is 5364 - 3?
5361
In base 13, what is c + 22?
31
In base 12, what is -38 + -b?
-47
In base 10, what is 13312 + 0?
13312
In base 7, what is 150 - -3?
153
In base 10, what is -637 - 5?
-642
In base 11, what is 4 - 36?
-32
In base 6, what is -15 + -1003?
-1022
In base 13, what is -4 + 220c?
2208
In base 9, what is -3 - -133?
130
In base 11, what is -3 + -122?
-125
In base 13, what is 5 - -79?
81
In base 16, what is -68 + -4?
-6c
In base 5, what is -11 - -2240?
2224
In base 5, what is 112 + 21?
133
In base 11, what is a5 - 7?
99
In base 8, what is -237 - 0?
-237
In base 7, what is -125 - -501?
343
In base 10, what is -400 + -2?
-402
In base 9, what is -4 - -516?
512
In base 7, what is 56 - -53?
142
In base 4, what is 0 + 2021?
2021
In base 7, what is -330 + -1?
-331
In base 12, what is baa + 3?
bb1
In base 13, what is 4 - -53?
57
In base 2, what is 11 - -1000011?
1000110
In base 4, what is 1 - 110?
-103
In base 14, what is 2c - -9?
37
In base 16, what is 14 - -2?
16
In base 8, what is -145 - 133?
-300
In base 11, what is -461 - 3?
-464
In base 7, what is 15 - -633?
651
In base 8, what is 4 - -477?
503
In base 9, what is -55 + 1?
-54
In base 2, what is 11010 - -11000?
110010
In base 16, what is -29f + 4?
-29b
In base 9, what is -1 + -2407?
-2408
In base 2, what is 1011001 + -100010?
110111
In base 7, what is 0 + 421?
421
In base 9, what is 15 + 27?
43
In base 14, what is -17 + -7?
-20
In base 7, what is -254 + -110?
-364
In base 6, what is 544 + 4?
552
In base 2, what is -100 + -1100?
-10000
In base 5, what is 1 - -12440?
12441
In base 13, what is -6c5 + 0?
-6c5
In base 16, what is 4 + -40b?
-407
In base 10, what is -277 + -21?
-298
In base 14, what is 1 - 1c7?
-1c6
In base 2, what is 1010000 - 10?
1001110
In base 14, what is -4 + 190?
18a
In base 16, what is 4b + -5?
46
In base 11, what is 10 - -4?
14
In base 16, what is 4 - 2a1?
-29d
In base 15, what is 4 - -38e?
393
In base 15, what is -4 - -198?
194
In base 16, what is -1b5a + 5?
-1b55
In base 16, what is -4 + -3b3?
-3b7
In base 3, what is 10 + 22?
102
In base 15, what is 25a + -1?
259
In base 5, what is -4 - -310?
301
In base 8, what is -5 + -133?
-140
In base 15, what is -757 - 18?
-770
In base 4, what is -3 + 23?
20
In base 4, what is -20120 + 23?
-20031
In base 8, what is 7 + -175?
-166
In base 7, what is 24 + 45?
102
In base 11, what is -20 - -6?
-15
In base 6, what is 1 + -13100?
-13055
In base 8, what is -1060 + 11?
-1047
In base 7, what is -114 + 5?
-106
In base 3, what is -1111 + -2112?
-11000
In base 2, what is -10 - 10110101?
-10110111
In base 7, what is 0 + -3261?
-3261
In base 6, what is -1240 + 12?
-1224
In base 12, what is 8 + 52?
5a
In base 16, what is d + ab?
b8
In base 13, what is 93 + 11?
a4
In base 3, what is -120 - 22?
-212
In base 2, what is -1110100101 + -1011?
-1110110000
In base 6, what is 1212 - -31?
1243
In base 5, what is -10443 - 10?
-11003
In base 6, what is 3 - 51?
-44
In base 14, what is 5 - -9?
10
In base 4, what is -2313 + -23?
-3002
In base 5, what is 12234 - -4?
12243
In base 14, what is 0 + -43?
-43
In base 13, what is 1 + c13?
c14
In base 16, what is -4 - 502?
-506
In base 11, what is 108 - -10?
118
In base 11, what is 6 - -75?
80
In base 11, what is 2 - -33?
35
In base 16, what is 1b + -ba?
-9f
In base 7, what is -2 + 5112?
5110
In base 16, what is 2b8 + 1?
2b9
In base 4, what is -1000 - -2?
-332
In base 9, what is -2 - 674?
-676
In base 3, what is 1012021 - 10?
1012011
In base 10, what is 1 + 45?
46
In base 2, what is -1000001111010 + 101?
-1000001110101
In base 10, what is 10 + -17?
-7
In base 2, what is -101101 - -10011?
-11010
In base 6, what is 21305 + 5?
21314
In base 14, what is 4 - 17b?
-177
In base 9, what is -6 + 86?
80
In base 11, what is -55 + 43?
-12
In base 7, what is -5 + 1004?
666
In base 8, what is -6 + 72?
64
In base 3, what is 2000 + 2?
2002
In base 7, what is 1 - 4?
-3
In base 7, what is 111 - 1?
110
In base 6, what is -200233 - -4?
-200225
In base 7, what is 3 - 354?
-351
In base 10, what is 5438 + -2?
5436
In base 7, what is 5 - 64?
-56
In base 3, what is 11 + -20001?
-12220
In base 3, what is -1102 + 1000?
-102
In base 8, what is -23 - -253?
230
In base 7, what is 13440 - 4?
13433
In base 10, what is -3 - -248?
245
In base 11, what is 1a2 + -54?
149
In base 5, what is -22 + -21?
-43
In base 12, what is 1515 - -6?
151b
In base 16, what is 15c + 6?
162
In base 12, what is 68b - 6?
685
In base 9, what is -17 + -828?
-846
In base 11, what is -5 - -142?
138
In base 10, what is -28 + 82?
54
In base 12, what is 6 + 1078?
1082
In base 11, what is 5 - -445?
44a
In base 16, what is -5d - -3?
-5a
In base 10, what is -14 - 111?
-125
In base 5, what is 101 - 2332?
-2231
In base 16, what is -1c7 - -2?
-1c5
In base 15, what is -8b + 5?
-86
In base 15, what is 3 + -10c?
-109
In base 3, what is 111 + 2211?
10022
In base 13, what is 51 - -4?
55
In base 6, what is 2 - 510?
-504
In base 7, what is -40 + 4?
-33
In base 9, what is 84 + -248?
-154
In base 15, what is 1 - -59?
5a
In base 14, what is -13 + -2?
-15
In base 6, what is 1405 - 2?
1403
In base 5, what is -100 - -120?
20
In base 11, what is -48 - -15?
-33
In base 12, what is 48 - -18?
64
In base 10, what is 250 - 2?
248
In base 13, what is -8597 - 2?
-8599
In base 4, what is 1 + 302?
303
In base 8, what is 52 + 22?
74
In base 10, what is -9 + 36?
27
In base 6, what is -102201 - 5?
-102210
In base 11, what is 16a - 7?
163
In base 14, what is -497 + -2?
-499
In base 13, what is 1cc - 39?
193
In base 3, what is -111 + -2221?
-10102
In base 10, what is -1 + -102?
-103
In base 5, what is -233 - -313?
30
In base 5, what is -144 + -41?
-240
In base 15, what is -177 + -3?
-17a
In base 4, what is 0 + 2030?
2030
In base 16, what is -3 - -3